{"id":1502,"date":"2021-04-10T17:47:52","date_gmt":"2021-04-10T15:47:52","guid":{"rendered":"https:\/\/www.aka-games.fr\/aka_site\/?post_type=product&#038;p=1502"},"modified":"2025-12-29T15:09:23","modified_gmt":"2025-12-29T14:09:23","slug":"coriolis-recueil-de-scenarios-papier","status":"publish","type":"product","link":"https:\/\/www.aka-games.fr\/aka_site\/produit\/coriolis-recueil-de-scenarios-papier\/","title":{"rendered":"Coriolis &#8211; Recueil de Sc\u00e9narios Papier"},"content":{"rendered":"<p class=\"p1\"><i>\u00ab Code d\u2019alarme 1A, Code ala&#8230; demande d\u2019aide imm\u00e9diate&#8230; signature inconnue, rappelant les l\u00e9sions de Tacharuk, mais certainement atypiques&#8230;. l\u2019\u00e9vacuation a commenc\u00e9, stase suppl\u00e9mentaire, nous devons&#8230; capteur d\u2019artefact dans le secteur 4, d\u00e9clinaison 4-2-1&#8230; vaisseau&#8230; un noir presque parfait&#8230; par la gr\u00e2ce des Ic\u00f4nes, ils sont l\u00e0 ! \u00bb.<\/i><\/p>\n<p class=\"p2\">Ce recueil comprend six aventures ind\u00e9pendantes\u00a0:<\/p>\n<ul>\n<li class=\"p4\">L\u2019Alg\u00e8bre des Ic\u00f4nes<\/li>\n<li class=\"p4\">Le Tailleur de Mira<\/li>\n<li class=\"p4\">L\u2019\u0152il de la B\u00eate<\/li>\n<li class=\"p4\">Le Secret d\u2019Aram<\/li>\n<li class=\"p4\">L\u2019Agonie du vaisseau<\/li>\n<li class=\"p4\">Le dernier voyage du Ghazali<\/li>\n<\/ul>\n<p>Mais \u00e9galement trois emplacements de sc\u00e9narios\u00a0:<\/p>\n<ul>\n<li class=\"p4\">L\u2019Oasis de Mahanji<\/li>\n<li class=\"p4\">Le Ravin d\u2019Aram<\/li>\n<li class=\"p4\">Hamurabi<\/li>\n<\/ul>\n<p>Le tout est accompagn\u00e9 de plans de vaisseau et d\u2019aides de jeu.<span class=\"Apple-converted-space\">\u00a0<\/span><\/p>\n<p class=\"p6\">Toutes ces aventures constituent une parfaite introduction \u00e0 la campagne, La Mis\u00e9ricorde des Ic\u00f4nes, pour Coriolis &#8211; Le Troisi\u00e8me Horizon.<span class=\"Apple-converted-space\">\u00a0<\/span><\/p>\n<blockquote>\n<p class=\"p7\"><i>\u00ab\u00a0Les auteurs du jeu le d\u00e9crivent comme \u2018les Mille et Une nuits dans l\u2019espace\u2019, ce qui lui correspond parfaitement. Style 5\/5 &#8211; Contenu 5\/5.\u00a0\u00bb<\/i><\/p>\n<p class=\"p9\"><span class=\"s1\">Rpg.net review<\/span><\/p>\n<\/blockquote>\n","protected":false},"excerpt":{"rendered":"<p><i>&#8230; par la gr\u00e2ce des Ic\u00f4nes, ils sont l\u00e0 !<\/i><\/p>\n","protected":false},"featured_media":1476,"comment_status":"open","ping_status":"closed","template":"","meta":{"_uag_custom_page_level_css":"","site-sidebar-layout":"default","site-content-layout":"default","ast-site-content-layout":"default","site-content-style":"default","site-sidebar-style":"default","ast-global-header-display":"","ast-banner-title-visibility":"","ast-main-header-display":"","ast-hfb-above-header-display":"","ast-hfb-below-header-display":"","ast-hfb-mobile-header-display":"","site-post-title":"","ast-breadcrumbs-content":"","ast-featured-img":"","footer-sml-layout":"","ast-disable-related-posts":"","theme-transparent-header-meta":"default","adv-header-id-meta":"","stick-header-meta":"default","header-above-stick-meta":"","header-main-stick-meta":"","header-below-stick-meta":"","astra-migrate-meta-layouts":"default","ast-page-background-enabled":"default","ast-page-background-meta":{"desktop":{"background-color":"","background-image":"","background-repeat":"repeat","background-position":"center center","background-size":"auto","background-attachment":"scroll","background-type":"","background-media":"","overlay-type":"","overlay-color":"","overlay-opacity":"","overlay-gradient":""},"tablet":{"background-color":"","background-image":"","background-repeat":"repeat","background-position":"center center","background-size":"auto","background-attachment":"scroll","background-type":"","background-media":"","overlay-type":"","overlay-color":"","overlay-opacity":"","overlay-gradient":""},"mobile":{"background-color":"","background-image":"","background-repeat":"repeat","background-position":"center center","background-size":"auto","background-attachment":"scroll","background-type":"","background-media":"","overlay-type":"","overlay-color":"","overlay-opacity":"","overlay-gradient":""}},"ast-content-background-meta":{"desktop":{"background-color":"var(--ast-global-color-5)","background-image":"","background-repeat":"repeat","background-position":"center center","background-size":"auto","background-attachment":"scroll","background-type":"","background-media":"","overlay-type":"","overlay-color":"","overlay-opacity":"","overlay-gradient":""},"tablet":{"background-color":"var(--ast-global-color-5)","background-image":"","background-repeat":"repeat","background-position":"center center","background-size":"auto","background-attachment":"scroll","background-type":"","background-media":"","overlay-type":"","overlay-color":"","overlay-opacity":"","overlay-gradient":""},"mobile":{"background-color":"var(--ast-global-color-5)","background-image":"","background-repeat":"repeat","background-position":"center center","background-size":"auto","background-attachment":"scroll","background-type":"","background-media":"","overlay-type":"","overlay-color":"","overlay-opacity":"","overlay-gradient":""}}},"product_brand":[],"product_cat":[27,23,22],"product_tag":[124,28,62,31,38,37,63,65],"class_list":{"0":"post-1502","1":"product","2":"type-product","3":"status-publish","4":"has-post-thumbnail","6":"product_cat-coriolis","7":"product_cat-jeux-de-roles","8":"product_cat-version-papier","9":"product_tag-art","10":"product_tag-aventure","11":"product_tag-espace","12":"product_tag-fantastique","13":"product_tag-intrigue","14":"product_tag-jeux","15":"product_tag-space-opera","16":"product_tag-vaisseaux","17":"desktop-align-center","18":"tablet-align-center","19":"mobile-align-center","21":"first","22":"outofstock","23":"shipping-taxable","24":"purchasable","25":"product-type-simple"},"uagb_featured_image_src":{"full":["https:\/\/www.aka-games.fr\/aka_site\/wp-content\/uploads\/2021\/04\/AK_Cor_RecueilScenarios.jpg",1024,1024,false],"thumbnail":["https:\/\/www.aka-games.fr\/aka_site\/wp-content\/uploads\/2021\/04\/AK_Cor_RecueilScenarios-150x150.jpg",150,150,true],"medium":["https:\/\/www.aka-games.fr\/aka_site\/wp-content\/uploads\/2021\/04\/AK_Cor_RecueilScenarios-300x300.jpg",300,300,true],"medium_large":["https:\/\/www.aka-games.fr\/aka_site\/wp-content\/uploads\/2021\/04\/AK_Cor_RecueilScenarios-768x768.jpg",768,768,true],"large":["https:\/\/www.aka-games.fr\/aka_site\/wp-content\/uploads\/2021\/04\/AK_Cor_RecueilScenarios-1024x1024.jpg",1024,1024,true],"1536x1536":["https:\/\/www.aka-games.fr\/aka_site\/wp-content\/uploads\/2021\/04\/AK_Cor_RecueilScenarios.jpg",1024,1024,false],"2048x2048":["https:\/\/www.aka-games.fr\/aka_site\/wp-content\/uploads\/2021\/04\/AK_Cor_RecueilScenarios.jpg",1024,1024,false],"woocommerce_thumbnail":["https:\/\/www.aka-games.fr\/aka_site\/wp-content\/uploads\/2021\/04\/AK_Cor_RecueilScenarios-300x300.jpg",300,300,true],"woocommerce_single":["https:\/\/www.aka-games.fr\/aka_site\/wp-content\/uploads\/2021\/04\/AK_Cor_RecueilScenarios-600x600.jpg",600,600,true],"woocommerce_gallery_thumbnail":["https:\/\/www.aka-games.fr\/aka_site\/wp-content\/uploads\/2021\/04\/AK_Cor_RecueilScenarios-100x100.jpg",100,100,true],"ppec_logo_image_size":["https:\/\/www.aka-games.fr\/aka_site\/wp-content\/uploads\/2021\/04\/AK_Cor_RecueilScenarios.jpg",60,60,false],"ppec_header_image_size":["https:\/\/www.aka-games.fr\/aka_site\/wp-content\/uploads\/2021\/04\/AK_Cor_RecueilScenarios.jpg",90,90,false]},"uagb_author_info":{"display_name":"Florrent","author_link":"https:\/\/www.aka-games.fr\/aka_site\/author\/"},"uagb_comment_info":0,"uagb_excerpt":"... par la gr\u00e2ce des Ic\u00f4nes, ils sont l\u00e0 !","_links":{"self":[{"href":"https:\/\/www.aka-games.fr\/aka_site\/wp-json\/wp\/v2\/product\/1502","targetHints":{"allow":["GET"]}}],"collection":[{"href":"https:\/\/www.aka-games.fr\/aka_site\/wp-json\/wp\/v2\/product"}],"about":[{"href":"https:\/\/www.aka-games.fr\/aka_site\/wp-json\/wp\/v2\/types\/product"}],"replies":[{"embeddable":true,"href":"https:\/\/www.aka-games.fr\/aka_site\/wp-json\/wp\/v2\/comments?post=1502"}],"version-history":[{"count":1,"href":"https:\/\/www.aka-games.fr\/aka_site\/wp-json\/wp\/v2\/product\/1502\/revisions"}],"predecessor-version":[{"id":1507,"href":"https:\/\/www.aka-games.fr\/aka_site\/wp-json\/wp\/v2\/product\/1502\/revisions\/1507"}],"wp:featuredmedia":[{"embeddable":true,"href":"https:\/\/www.aka-games.fr\/aka_site\/wp-json\/wp\/v2\/media\/1476"}],"wp:attachment":[{"href":"https:\/\/www.aka-games.fr\/aka_site\/wp-json\/wp\/v2\/media?parent=1502"}],"wp:term":[{"taxonomy":"product_brand","embeddable":true,"href":"https:\/\/www.aka-games.fr\/aka_site\/wp-json\/wp\/v2\/product_brand?post=1502"},{"taxonomy":"product_cat","embeddable":true,"href":"https:\/\/www.aka-games.fr\/aka_site\/wp-json\/wp\/v2\/product_cat?post=1502"},{"taxonomy":"product_tag","embeddable":true,"href":"https:\/\/www.aka-games.fr\/aka_site\/wp-json\/wp\/v2\/product_tag?post=1502"}],"curies":[{"name":"wp","href":"https:\/\/api.w.org\/{rel}","templated":true}]}}