{"id":1529,"date":"2021-04-10T20:08:33","date_gmt":"2021-04-10T18:08:33","guid":{"rendered":"https:\/\/www.aka-games.fr\/aka_site\/?post_type=product&#038;p=1529"},"modified":"2021-04-11T11:50:23","modified_gmt":"2021-04-11T09:50:23","slug":"coriolis-livre-de-regles","status":"publish","type":"product","link":"https:\/\/www.aka-games.fr\/aka_site\/produit\/coriolis-livre-de-regles\/","title":{"rendered":"Coriolis &#8211; Livre de R\u00e8gles"},"content":{"rendered":"<p class=\"p1\"><i>\u00ab\u00a0J\u2019ai un signal \u00bb. La voix de Dalil gr\u00e9silla dans le com. \u00ab\u00a0Nous y sommes presque.\u00a0\u00bb Le navigateur sondait les t\u00e9n\u00e8bres qui s\u2019\u00e9tendaient devant eux, la froide lumi\u00e8re de la tablette entre ses mains baignant son visage bl\u00eame.<br \/>\n<\/i><i>Radwa fit signe de la t\u00eate \u00e0 ses camarades, les enjoignant d\u2019avancer vers les ruines inconnues dans le paysage lunaire. Les seuls sons qui leur parvenaient \u00e9taient ceux de leur respiration dans les filtres \u00e0 air et un crissement l\u00e9ger sous leurs bottes. Les lumi\u00e8res parvenant du cargo Narzalus allongeaient au sol les ombres du trio.<br \/>\n<\/i><i>\u00ab\u00a0Quelque chose ne va pas, chef.\u00a0\u00bb La voix aigu\u00eb de Jhara brisa le silence.<br \/>\n<\/i><i>La femme de haute taille, originaire de Sadaal, activa son fusil Vulcain qui se mit \u00e0 bourdonner.<br \/>\n<\/i><i>Sans se retourner, Radwa leva la main pour apaiser son amie.<br \/>\n<\/i><i>\u00ab\u00a0Du calme, Jha\u00a0\u00bb chuchota-t-elle hors com.<span class=\"Apple-converted-space\"><br \/>\n<\/span><\/i><i>Les explorateurs dirig\u00e8rent les lampes fix\u00e9es \u00e0 leur tenues vers les ruines. Des signes \u00e9trangers \u00e9tait grav\u00e9s sur leurs lisses et sombres surfaces et semblaient luire dans la lumi\u00e8re. Quelque chose se d\u00e9faisait lentement sous leurs yeux. Une ombre montait de la surface de la lune morte, vers le ciel \u00e9toil\u00e9.<br \/>\n<\/i><i>\u00ab\u00a0Par la Gr\u00e2ce des Ic\u00f4nes\u00a0!\u00a0\u00bb souffla Radwa, alors qu\u2019un frisson glac\u00e9 la parcourait.<\/i><\/p>\n<h4 class=\"p4\">Bienvenue dans Coriolis : Le Troisi\u00e8me Horizon !<span class=\"Apple-converted-space\">\u00a0<\/span><\/h4>\n<p class=\"p6\">Dans ce jeu, vous incarnerez des aventuriers voyageant au c\u0153ur des \u00e9toiles !<span class=\"Apple-converted-space\">\u00a0<\/span><\/p>\n<p class=\"p7\">Tout au long de votre p\u00e9riple, vous serez amen\u00e9s \u00e0 d\u00e9couvrir des choses fabuleuses. La plus grande des aventures n\u2019attend plus que vous et, qui sait, peut-\u00eatre compterez-vous au nombre des \u00e9lus qui changeront \u00e0 jamais le destin du Troisi\u00e8me Horizon ?<\/p>\n<p class=\"p8\">Le livre de base de Coriolis vous permet de\u00a0:<\/p>\n<ul>\n<li class=\"p9\">Cr\u00e9er un personnage unique en quelques minutes, avec ses comp\u00e9tences, dons, \u00e9quipement et relations.<\/li>\n<li class=\"p9\">Engager des combats rapides et anim\u00e9s, tout en priant les Ic\u00f4nes, pour supprimer vos ennemis.<span class=\"Apple-converted-space\">\u00a0<\/span><\/li>\n<li class=\"p9\">Cr\u00e9er votre propre vaisseau spatial avec son \u00e9quipage, et explorer les innombrables \u00e9toiles du Troisi\u00e8me Horizon.<\/li>\n<li class=\"p9\">Vivre des duels palpitants entre vaisseaux, en utilisant un syst\u00e8me de jeu qui permet de faire intervenir tous les personnages au c\u0153ur m\u00eame de l\u2019action.<\/li>\n<li class=\"p9\">Participer aux intrigues entre les puissantes factions de la majestueuse station spatiale Coriolis.<\/li>\n<li class=\"p10\">D\u00e9couvrir les myst\u00e8res du Troisi\u00e8me Horizon, une riche palette de cultures install\u00e9es parmi les \u00e9toiles.<\/li>\n<\/ul>\n<blockquote>\n<p class=\"p11\"><i>\u00ab\u00a0Les auteurs du jeu le d\u00e9crivent comme \u2018les Mille et Une nuits dans l\u2019espace\u2019, ce qui lui correspond parfaitement. Style 5\/5 &#8211; Contenu 5\/5.\u00a0\u00bb<\/i><\/p>\n<p class=\"p12\">Rpg.net review<\/p>\n<\/blockquote>\n","protected":false},"excerpt":{"rendered":"<p><i>Une ombre montait de la surface de la lune morte, vers le ciel \u00e9toil\u00e9.<\/i><\/p>\n","protected":false},"featured_media":1475,"comment_status":"open","ping_status":"closed","template":"","meta":{"_uag_custom_page_level_css":"","site-sidebar-layout":"default","site-content-layout":"default","ast-site-content-layout":"default","site-content-style":"default","site-sidebar-style":"default","ast-global-header-display":"","ast-banner-title-visibility":"","ast-main-header-display":"","ast-hfb-above-header-display":"","ast-hfb-below-header-display":"","ast-hfb-mobile-header-display":"","site-post-title":"","ast-breadcrumbs-content":"","ast-featured-img":"","footer-sml-layout":"","ast-disable-related-posts":"","theme-transparent-header-meta":"default","adv-header-id-meta":"","stick-header-meta":"default","header-above-stick-meta":"","header-main-stick-meta":"","header-below-stick-meta":"","astra-migrate-meta-layouts":"default","ast-page-background-enabled":"default","ast-page-background-meta":{"desktop":{"background-color":"","background-image":"","background-repeat":"repeat","background-position":"center center","background-size":"auto","background-attachment":"scroll","background-type":"","background-media":"","overlay-type":"","overlay-color":"","overlay-opacity":"","overlay-gradient":""},"tablet":{"background-color":"","background-image":"","background-repeat":"repeat","background-position":"center center","background-size":"auto","background-attachment":"scroll","background-type":"","background-media":"","overlay-type":"","overlay-color":"","overlay-opacity":"","overlay-gradient":""},"mobile":{"background-color":"","background-image":"","background-repeat":"repeat","background-position":"center center","background-size":"auto","background-attachment":"scroll","background-type":"","background-media":"","overlay-type":"","overlay-color":"","overlay-opacity":"","overlay-gradient":""}},"ast-content-background-meta":{"desktop":{"background-color":"var(--ast-global-color-5)","background-image":"","background-repeat":"repeat","background-position":"center center","background-size":"auto","background-attachment":"scroll","background-type":"","background-media":"","overlay-type":"","overlay-color":"","overlay-opacity":"","overlay-gradient":""},"tablet":{"background-color":"var(--ast-global-color-5)","background-image":"","background-repeat":"repeat","background-position":"center center","background-size":"auto","background-attachment":"scroll","background-type":"","background-media":"","overlay-type":"","overlay-color":"","overlay-opacity":"","overlay-gradient":""},"mobile":{"background-color":"var(--ast-global-color-5)","background-image":"","background-repeat":"repeat","background-position":"center center","background-size":"auto","background-attachment":"scroll","background-type":"","background-media":"","overlay-type":"","overlay-color":"","overlay-opacity":"","overlay-gradient":""}}},"product_brand":[],"product_cat":[27,23,22,21],"product_tag":[124,28,62,31,38,37,63,65],"class_list":{"0":"post-1529","1":"product","2":"type-product","3":"status-publish","4":"has-post-thumbnail","6":"product_cat-coriolis","7":"product_cat-jeux-de-roles","8":"product_cat-version-papier","9":"product_cat-version-pdf","10":"product_tag-art","11":"product_tag-aventure","12":"product_tag-espace","13":"product_tag-fantastique","14":"product_tag-intrigue","15":"product_tag-jeux","16":"product_tag-space-opera","17":"product_tag-vaisseaux","18":"desktop-align-center","19":"tablet-align-center","20":"mobile-align-center","22":"first","23":"instock","24":"featured","25":"sold-individually","26":"shipping-taxable","27":"product-type-grouped"},"uagb_featured_image_src":{"full":["https:\/\/www.aka-games.fr\/aka_site\/wp-content\/uploads\/2021\/04\/AK_Cor_LdR.jpg",1024,1024,false],"thumbnail":["https:\/\/www.aka-games.fr\/aka_site\/wp-content\/uploads\/2021\/04\/AK_Cor_LdR-150x150.jpg",150,150,true],"medium":["https:\/\/www.aka-games.fr\/aka_site\/wp-content\/uploads\/2021\/04\/AK_Cor_LdR-300x300.jpg",300,300,true],"medium_large":["https:\/\/www.aka-games.fr\/aka_site\/wp-content\/uploads\/2021\/04\/AK_Cor_LdR-768x768.jpg",768,768,true],"large":["https:\/\/www.aka-games.fr\/aka_site\/wp-content\/uploads\/2021\/04\/AK_Cor_LdR-1024x1024.jpg",1024,1024,true],"1536x1536":["https:\/\/www.aka-games.fr\/aka_site\/wp-content\/uploads\/2021\/04\/AK_Cor_LdR.jpg",1024,1024,false],"2048x2048":["https:\/\/www.aka-games.fr\/aka_site\/wp-content\/uploads\/2021\/04\/AK_Cor_LdR.jpg",1024,1024,false],"woocommerce_thumbnail":["https:\/\/www.aka-games.fr\/aka_site\/wp-content\/uploads\/2021\/04\/AK_Cor_LdR-300x300.jpg",300,300,true],"woocommerce_single":["https:\/\/www.aka-games.fr\/aka_site\/wp-content\/uploads\/2021\/04\/AK_Cor_LdR-600x600.jpg",600,600,true],"woocommerce_gallery_thumbnail":["https:\/\/www.aka-games.fr\/aka_site\/wp-content\/uploads\/2021\/04\/AK_Cor_LdR-100x100.jpg",100,100,true],"ppec_logo_image_size":["https:\/\/www.aka-games.fr\/aka_site\/wp-content\/uploads\/2021\/04\/AK_Cor_LdR.jpg",60,60,false],"ppec_header_image_size":["https:\/\/www.aka-games.fr\/aka_site\/wp-content\/uploads\/2021\/04\/AK_Cor_LdR.jpg",90,90,false]},"uagb_author_info":{"display_name":"Florrent","author_link":"https:\/\/www.aka-games.fr\/aka_site\/author\/"},"uagb_comment_info":0,"uagb_excerpt":"Une ombre montait de la surface de la lune morte, vers le ciel \u00e9toil\u00e9.","_links":{"self":[{"href":"https:\/\/www.aka-games.fr\/aka_site\/wp-json\/wp\/v2\/product\/1529","targetHints":{"allow":["GET"]}}],"collection":[{"href":"https:\/\/www.aka-games.fr\/aka_site\/wp-json\/wp\/v2\/product"}],"about":[{"href":"https:\/\/www.aka-games.fr\/aka_site\/wp-json\/wp\/v2\/types\/product"}],"replies":[{"embeddable":true,"href":"https:\/\/www.aka-games.fr\/aka_site\/wp-json\/wp\/v2\/comments?post=1529"}],"version-history":[{"count":1,"href":"https:\/\/www.aka-games.fr\/aka_site\/wp-json\/wp\/v2\/product\/1529\/revisions"}],"predecessor-version":[{"id":1530,"href":"https:\/\/www.aka-games.fr\/aka_site\/wp-json\/wp\/v2\/product\/1529\/revisions\/1530"}],"wp:featuredmedia":[{"embeddable":true,"href":"https:\/\/www.aka-games.fr\/aka_site\/wp-json\/wp\/v2\/media\/1475"}],"wp:attachment":[{"href":"https:\/\/www.aka-games.fr\/aka_site\/wp-json\/wp\/v2\/media?parent=1529"}],"wp:term":[{"taxonomy":"product_brand","embeddable":true,"href":"https:\/\/www.aka-games.fr\/aka_site\/wp-json\/wp\/v2\/product_brand?post=1529"},{"taxonomy":"product_cat","embeddable":true,"href":"https:\/\/www.aka-games.fr\/aka_site\/wp-json\/wp\/v2\/product_cat?post=1529"},{"taxonomy":"product_tag","embeddable":true,"href":"https:\/\/www.aka-games.fr\/aka_site\/wp-json\/wp\/v2\/product_tag?post=1529"}],"curies":[{"name":"wp","href":"https:\/\/api.w.org\/{rel}","templated":true}]}}