{"id":2476,"date":"2024-09-29T17:18:09","date_gmt":"2024-09-29T15:18:09","guid":{"rendered":"https:\/\/www.aka-games.fr\/aka_site\/?post_type=product&#038;p=2476"},"modified":"2024-09-29T17:19:06","modified_gmt":"2024-09-29T15:19:06","slug":"symbaroum-pack-de-laventurier-4","status":"publish","type":"product","link":"https:\/\/www.aka-games.fr\/aka_site\/produit\/symbaroum-pack-de-laventurier-4\/","title":{"rendered":"Symbaroum &#8211; Pack de l&rsquo;Aventurier 4"},"content":{"rendered":"<p><em>Une fois la conversation termin\u00e9e,\u00a0le silence retombe comme une \u00e9paisse couverture sur le monde alentour. Les craquements soudains du feu r\u00e9sonnent \u00e0 vos oreilles comme des coups de marteau. Faire le moindre bruit semble \u00eatre un viol contre nature de cette stase. Le monde est absolument silencieux, muet, comme mort. Dans l\u2019obscurit\u00e9, au-del\u00e0 de l\u2019anneau de lumi\u00e8re vacillante que projette votre feu de camp, m\u00eame les g\u00e9missements du vent ont cess\u00e9.<\/em><br \/>\n<em>Tant que vous \u00e9tiez sur la route, le silence se dissimulait derri\u00e8re les bruits du voyage\u00a0: pi\u00e9tinement de bottes, grincement des sangles des sac \u00e0 dos, cliquetis des ustensiles de cuisine. M\u00eame alors, les environs demeuraient \u00e9trangement sans vie. On n\u2019entendait m\u00eame pas le bourdonnement des insectes. Ir\u00e9na pr\u00e9tend qu\u2019elle a vu passer, durant l\u2019apr\u00e8s-midi, un oiseau volant au nord ; les autres hochent la t\u00eate, mais aucun d\u2019entre vous ne la croit vraiment.<\/em><br \/>\n<em>Vous vous trouvez au nord d\u2019Alb\u00e9r\u00e9tor, \u00e0 la fronti\u00e8re entre la civilisation et l\u2019obscurit\u00e9. Vous ne vous \u00eates gu\u00e8re \u00e9loign\u00e9s de la falaise de Korinda, mais c\u2019est quand m\u00eame une terre d\u00e9sol\u00e9e, abandonn\u00e9e par les hommes et la faune. Les seules cr\u00e9atures que vous pouvez vous attendre \u00e0 rencontrer sont les morts ressuscit\u00e9s. Ils sont l\u00e0, quelque part. Dans les t\u00e9n\u00e8bres et le silence.<\/em><\/p>\n<p>Le pack de l\u2019Aventurier 4 propose deux sc\u00e9narios li\u00e9s de diverses mani\u00e8res aux divisions internes grandissantes dans le royaume d\u2019Ambria. L\u2019Appel des T\u00e9n\u00e8bres se d\u00e9roule dans les territoires nord de la Terre perdue d\u2019Alb\u00e9r\u00e9tor : les personnages y accompagnent un nobliau, qui tente de prouver le statut de sa famille. La seconde aventure, Repr\u00e9sailles, d\u00e9bute avec la recherche d\u2019une personne disparue dans la cit\u00e9 de Kurun, mais int\u00e8gre quelques \u00e9v\u00e9nements, avec peut-\u00eatre de lourdes cons\u00e9quences sur les relations entre les peuples de la r\u00e9gion de Davokar. Les personnages ont, bien entendu, la possibilit\u00e9 d\u2019influencer l\u2019issue de ces aventures, s\u2019ils parviennent \u00e0 surmonter les d\u00e9fis qui se dressent entre eux et une fin heureuse.<\/p>\n<p>Contenu<\/p>\n<ul>\n<li>Deux sc\u00e9narios complets, L\u2019Appel des T\u00e9n\u00e8bres et Repr\u00e9sailles, qui offriront de s\u00e9rieux d\u00e9fis aux personnages joueurs.<\/li>\n<li>La baronnie de Sarli en Alb\u00e9r\u00e9tor et la cit\u00e9 de Kurun en tant que panoramas d\u00e9taill\u00e9s d\u2019aventure.<\/li>\n<li>Une douzaine de lieux et d\u2019\u00e9tablissements dans lesquels les personnages peuvent manger, dormir, commercer, d\u00e9nicher des informations et contacter les autorit\u00e9s locales.<\/li>\n<li>Des plans en couleurs de la baronnie et de la cit\u00e9.<\/li>\n<li>Quatre artefacts et quelques r\u00e8gles, nouvelles ou alternatives, comme celle concernant Chevauch\u00e9e \u00e0 bride abattue, ou Les dangers de la Terre ent\u00e9n\u00e9br\u00e9e.<\/li>\n<\/ul>\n","protected":false},"excerpt":{"rendered":"<p class=\"p1\"><span class=\"s1\"><em>Le pack de l\u2019Aventurier 4 propose deux sc\u00e9narios.<\/em><\/span><\/p>\n","protected":false},"featured_media":2468,"comment_status":"open","ping_status":"closed","template":"","meta":{"_uag_custom_page_level_css":"","site-sidebar-layout":"left-sidebar","site-content-layout":"default","ast-site-content-layout":"default","site-content-style":"default","site-sidebar-style":"default","ast-global-header-display":"","ast-banner-title-visibility":"","ast-main-header-display":"","ast-hfb-above-header-display":"","ast-hfb-below-header-display":"","ast-hfb-mobile-header-display":"","site-post-title":"","ast-breadcrumbs-content":"","ast-featured-img":"","footer-sml-layout":"","ast-disable-related-posts":"","theme-transparent-header-meta":"default","adv-header-id-meta":"","stick-header-meta":"default","header-above-stick-meta":"","header-main-stick-meta":"","header-below-stick-meta":"","astra-migrate-meta-layouts":"set","ast-page-background-enabled":"default","ast-page-background-meta":{"desktop":{"background-color":"","background-image":"","background-repeat":"repeat","background-position":"center center","background-size":"auto","background-attachment":"scroll","background-type":"","background-media":"","overlay-type":"","overlay-color":"","overlay-opacity":"","overlay-gradient":""},"tablet":{"background-color":"","background-image":"","background-repeat":"repeat","background-position":"center center","background-size":"auto","background-attachment":"scroll","background-type":"","background-media":"","overlay-type":"","overlay-color":"","overlay-opacity":"","overlay-gradient":""},"mobile":{"background-color":"","background-image":"","background-repeat":"repeat","background-position":"center center","background-size":"auto","background-attachment":"scroll","background-type":"","background-media":"","overlay-type":"","overlay-color":"","overlay-opacity":"","overlay-gradient":""}},"ast-content-background-meta":{"desktop":{"background-color":"var(--ast-global-color-5)","background-image":"","background-repeat":"repeat","background-position":"center center","background-size":"auto","background-attachment":"scroll","background-type":"","background-media":"","overlay-type":"","overlay-color":"","overlay-opacity":"","overlay-gradient":""},"tablet":{"background-color":"var(--ast-global-color-5)","background-image":"","background-repeat":"repeat","background-position":"center center","background-size":"auto","background-attachment":"scroll","background-type":"","background-media":"","overlay-type":"","overlay-color":"","overlay-opacity":"","overlay-gradient":""},"mobile":{"background-color":"var(--ast-global-color-5)","background-image":"","background-repeat":"repeat","background-position":"center center","background-size":"auto","background-attachment":"scroll","background-type":"","background-media":"","overlay-type":"","overlay-color":"","overlay-opacity":"","overlay-gradient":""}}},"product_brand":[],"product_cat":[23,24,22,21],"product_tag":[28,69,34,31,35,38,37,32,30,29,36,33],"class_list":{"0":"post-2476","1":"product","2":"type-product","3":"status-publish","4":"has-post-thumbnail","6":"product_cat-jeux-de-roles","7":"product_cat-symbaroum","8":"product_cat-version-papier","9":"product_cat-version-pdf","10":"product_tag-aventure","11":"product_tag-campagne","12":"product_tag-dark","13":"product_tag-fantastique","14":"product_tag-fantasy","15":"product_tag-intrigue","16":"product_tag-jeux","17":"product_tag-magie","18":"product_tag-medieval","19":"product_tag-mystere","20":"product_tag-roles","21":"product_tag-secret","22":"desktop-align-center","23":"tablet-align-center","24":"mobile-align-center","26":"first","27":"instock","28":"sold-individually","29":"shipping-taxable","30":"product-type-grouped"},"uagb_featured_image_src":{"full":["https:\/\/www.aka-games.fr\/aka_site\/wp-content\/uploads\/2024\/09\/Symb_PA4.jpg",600,800,false],"thumbnail":["https:\/\/www.aka-games.fr\/aka_site\/wp-content\/uploads\/2024\/09\/Symb_PA4-113x150.jpg",113,150,true],"medium":["https:\/\/www.aka-games.fr\/aka_site\/wp-content\/uploads\/2024\/09\/Symb_PA4-225x300.jpg",225,300,true],"medium_large":["https:\/\/www.aka-games.fr\/aka_site\/wp-content\/uploads\/2024\/09\/Symb_PA4.jpg",600,800,false],"large":["https:\/\/www.aka-games.fr\/aka_site\/wp-content\/uploads\/2024\/09\/Symb_PA4.jpg",600,800,false],"1536x1536":["https:\/\/www.aka-games.fr\/aka_site\/wp-content\/uploads\/2024\/09\/Symb_PA4.jpg",600,800,false],"2048x2048":["https:\/\/www.aka-games.fr\/aka_site\/wp-content\/uploads\/2024\/09\/Symb_PA4.jpg",600,800,false],"woocommerce_thumbnail":["https:\/\/www.aka-games.fr\/aka_site\/wp-content\/uploads\/2024\/09\/Symb_PA4-300x300.jpg",300,300,true],"woocommerce_single":["https:\/\/www.aka-games.fr\/aka_site\/wp-content\/uploads\/2024\/09\/Symb_PA4.jpg",600,800,false],"woocommerce_gallery_thumbnail":["https:\/\/www.aka-games.fr\/aka_site\/wp-content\/uploads\/2024\/09\/Symb_PA4-100x100.jpg",100,100,true],"ppec_logo_image_size":["https:\/\/www.aka-games.fr\/aka_site\/wp-content\/uploads\/2024\/09\/Symb_PA4-45x60.jpg",45,60,true],"ppec_header_image_size":["https:\/\/www.aka-games.fr\/aka_site\/wp-content\/uploads\/2024\/09\/Symb_PA4-68x90.jpg",68,90,true]},"uagb_author_info":{"display_name":"Florrent","author_link":"https:\/\/www.aka-games.fr\/aka_site\/author\/"},"uagb_comment_info":0,"uagb_excerpt":"Le pack de l\u2019Aventurier 4 propose deux sc\u00e9narios.","_links":{"self":[{"href":"https:\/\/www.aka-games.fr\/aka_site\/wp-json\/wp\/v2\/product\/2476","targetHints":{"allow":["GET"]}}],"collection":[{"href":"https:\/\/www.aka-games.fr\/aka_site\/wp-json\/wp\/v2\/product"}],"about":[{"href":"https:\/\/www.aka-games.fr\/aka_site\/wp-json\/wp\/v2\/types\/product"}],"replies":[{"embeddable":true,"href":"https:\/\/www.aka-games.fr\/aka_site\/wp-json\/wp\/v2\/comments?post=2476"}],"version-history":[{"count":1,"href":"https:\/\/www.aka-games.fr\/aka_site\/wp-json\/wp\/v2\/product\/2476\/revisions"}],"predecessor-version":[{"id":2477,"href":"https:\/\/www.aka-games.fr\/aka_site\/wp-json\/wp\/v2\/product\/2476\/revisions\/2477"}],"wp:featuredmedia":[{"embeddable":true,"href":"https:\/\/www.aka-games.fr\/aka_site\/wp-json\/wp\/v2\/media\/2468"}],"wp:attachment":[{"href":"https:\/\/www.aka-games.fr\/aka_site\/wp-json\/wp\/v2\/media?parent=2476"}],"wp:term":[{"taxonomy":"product_brand","embeddable":true,"href":"https:\/\/www.aka-games.fr\/aka_site\/wp-json\/wp\/v2\/product_brand?post=2476"},{"taxonomy":"product_cat","embeddable":true,"href":"https:\/\/www.aka-games.fr\/aka_site\/wp-json\/wp\/v2\/product_cat?post=2476"},{"taxonomy":"product_tag","embeddable":true,"href":"https:\/\/www.aka-games.fr\/aka_site\/wp-json\/wp\/v2\/product_tag?post=2476"}],"curies":[{"name":"wp","href":"https:\/\/api.w.org\/{rel}","templated":true}]}}